{"id":2299,"date":"2013-01-02T17:50:13","date_gmt":"2013-01-02T16:50:13","guid":{"rendered":"http:\/\/www.gau-fuerstenfeldbruck.de\/?page_id=2299"},"modified":"2023-01-28T11:59:00","modified_gmt":"2023-01-28T10:59:00","slug":"information-mitgliederverwaltung","status":"publish","type":"page","link":"https:\/\/www.gau-fuerstenfeldbruck.de\/?page_id=2299","title":{"rendered":"Mitgliederverwaltung"},"content":{"rendered":"<p style=\"text-align: center;\"><span style=\"font-family: arial,helvetica,sans-serif;\"><span style=\"font-size: x-large;\"><span style=\"color: #ff0000;\">Mitgliederverwaltung <\/span><\/span><\/span><\/p>\n<p style=\"text-align: center;\"><span style=\"font-family: arial,helvetica,sans-serif;\"><span style=\"font-size: x-large;\"><span style=\"color: #ff0000;\"><span style=\"color: #ff0000;\"><span style=\"text-decoration: underline;\"><strong><span style=\"font-size: medium;\">Aktuelles von der Gau-Mitgliederreferentin Inge Wissel (<a href=\"mailto:mive@unzl.de\">mive@unzl.de<\/a>)<\/span><\/strong><\/span><\/span><\/span><\/span><\/span><\/p>\n<p><span style=\"font-size: medium;\"><span style=\"color: #ff0000;\"><strong><span style=\"color: #000000;\"><span style=\"text-decoration: underline;\"><span style=\"color: #ff0000; text-decoration: underline;\">Grunds\u00e4tzliches :<\/span><\/span> <\/span><\/strong><\/span><\/span><\/p>\n<p><span style=\"font-size: medium;\"><span style=\"color: #ff0000;\"><strong><span style=\"color: #000000;\"><span style=\"text-decoration: underline;\"><span style=\"color: #ff0000; text-decoration: underline;\">1.<\/span><\/span> Pass\u00e4nderungen f\u00fcr das Sportjahr k\u00f6nnen nur\u00a0 vom 15.07. bis sp\u00e4testens <\/span><span style=\"color: #000000;\">15.08.<\/span> <\/strong><\/span><\/span><\/p>\n<p><span style=\"font-size: medium;\"><span style=\"color: #ff0000;\"><strong><span style=\"color: #000000;\">\u00a0\u00a0\u00a0 beim Sch\u00fctzengau eingereicht werden.\u00a0\u00a0 <span style=\"font-size: medium;\"><span style=\"color: #ff0000;\"><strong><span style=\"text-decoration: underline;\">Achtung: es gilt der Poststempel <\/span><\/strong><\/span><\/span><\/span><\/strong><\/span><\/span><\/p>\n<p><span style=\"font-size: medium;\"><span style=\"color: #ff0000;\"><strong><span style=\"color: #000000;\"><span style=\"font-size: medium;\"><span style=\"color: #ff0000;\"><strong><span style=\"color: #000000;\"><span style=\"text-decoration: underline;\"><span style=\"color: #ff0000; text-decoration: underline;\">2.<\/span><\/span> <\/span><\/strong><\/span><\/span><\/span><span style=\"color: #000000;\"><span style=\"font-size: medium;\"><span style=\"font-size: medium;\">Startberechtigungen f\u00fcr das <span style=\"color: #ff0000;\"><span style=\"text-decoration: underline;\">aktuelle Sportjahr<\/span><\/span><\/span><\/span><\/span><\/strong><span style=\"color: #000000;\"><span style=\"font-size: medium;\"><span style=\"font-size: medium;\"><span style=\"color: #ff0000;\"><span style=\"color: #000000;\"><strong> sind hier zu beachten !<\/strong><\/span><\/span><\/span><\/span><\/span><\/span><\/span><\/p>\n<p><span style=\"font-size: medium;\"><span style=\"color: #ff0000;\"><span style=\"color: #000000;\"><span style=\"font-size: medium;\"><span style=\"font-size: medium;\"><span style=\"color: #ff0000;\"><span style=\"color: #000000;\"><strong><span style=\"text-decoration: underline;\"><span style=\"color: #ff0000; text-decoration: underline;\">3.<\/span><\/span> <span style=\"color: #000000;\"><strong>Mitglieder die im laufenden Jahr ausgeschieden sind, k\u00f6nnen nur bis zum 15.01. <\/strong><\/span><\/strong><\/span><\/span><\/span><\/span><\/span><\/span><\/span><\/p>\n<p><span style=\"font-size: medium;\"><span style=\"color: #ff0000;\"><span style=\"color: #000000;\"><span style=\"font-size: medium;\"><span style=\"font-size: medium;\"><span style=\"color: #ff0000;\"><span style=\"color: #000000;\"><strong><span style=\"color: #000000;\"><strong>\u00a0\u00a0\u00a0 des Folgejahres im ZMI mit Austritt zum 31.12. erfasst werden. <\/strong><\/span><\/strong><\/span><\/span><\/span><\/span><\/span><\/span><\/span><\/p>\n<p><span style=\"font-size: medium;\"><span style=\"color: #ff0000;\"><span style=\"color: #000000;\"><span style=\"font-size: medium;\"><span style=\"font-size: medium;\"><span style=\"color: #ff0000;\"><span style=\"color: #000000;\"><strong><span style=\"color: #000000;\"><strong>\u00a0\u00a0\u00a0 Ab dem 16.01. ist der Austritt erst wieder zum 31.12. des Folgejahres m\u00f6glich.<\/strong><\/span><\/strong><\/span><\/span><\/span><\/span><\/span><\/span><\/span><\/p>\n<p><span style=\"font-size: 12pt;\"><strong><span style=\"color: #ff0000;\">4.<\/span><\/strong> <b><span style=\"color: #000000;\">Neue Mitglieder <u>mit Eintrittsdatum im aktuellen Jahr<\/u> k\u00f6nnen nur<\/span><\/b><\/span><\/p>\n<p><span style=\"font-size: 12pt;\"><b><span style=\"color: #000000;\">\u00a0\u00a0\u00a0\u00a0 bis zum <span style=\"text-decoration: underline;\">03.01. des Folgejahres<\/span> erfasst und gemeldet werden.<\/span> <\/b><\/span><\/p>\n<p><span style=\"color: #000000; font-size: 12pt;\"><strong>Inge Wissel<\/strong><\/span><\/p>\n<p>&nbsp;<\/p>\n<p><span style=\"font-size: 14pt;\"><span style=\"color: #000000;\"><strong>Januar 2023<\/strong><\/span><span style=\"color: #ff6600;\"><span style=\"color: #000000;\">\u00a0<\/span>\u00a0\u00a0\u00a0\u00a0\u00a0<\/span><strong><span style=\"color: #ff6600;\">ZMI Info<\/span> \u00a0\u00a0<\/strong><span style=\"color: #0000ff;\"><a style=\"color: #0000ff;\" href=\"https:\/\/www.gau-fuerstenfeldbruck.de\/wp-content\/uploads\/2023\/01\/Rueckgabe-von-Schuetzenausweisen.pdf\"><strong>Rueckgabe-von-Schuetzenausweisen<\/strong><\/a><\/span><\/span><\/p>\n<p><span style=\"color: #0000ff;\"><span style=\"font-size: large;\"><span style=\"color: #ff0000;\">\u00a0<\/span><\/span><\/span><\/p>\n","protected":false},"excerpt":{"rendered":"<p>Mitgliederverwaltung Aktuelles von der Gau-Mitgliederreferentin Inge Wissel (mive@unzl.de) Grunds\u00e4tzliches : 1. Pass\u00e4nderungen f\u00fcr das Sportjahr k\u00f6nnen nur\u00a0 vom 15.07. bis sp\u00e4testens 15.08. \u00a0\u00a0\u00a0 beim Sch\u00fctzengau eingereicht werden.\u00a0\u00a0 Achtung: es gilt der Poststempel 2. Startberechtigungen f\u00fcr das aktuelle Sportjahr sind hier zu beachten ! 3. Mitglieder die im laufenden Jahr ausgeschieden sind, k\u00f6nnen nur bis zum [&hellip;]<\/p>\n","protected":false},"author":3,"featured_media":0,"parent":137,"menu_order":60,"comment_status":"closed","ping_status":"closed","template":"","meta":[],"_links":{"self":[{"href":"https:\/\/www.gau-fuerstenfeldbruck.de\/index.php?rest_route=\/wp\/v2\/pages\/2299"}],"collection":[{"href":"https:\/\/www.gau-fuerstenfeldbruck.de\/index.php?rest_route=\/wp\/v2\/pages"}],"about":[{"href":"https:\/\/www.gau-fuerstenfeldbruck.de\/index.php?rest_route=\/wp\/v2\/types\/page"}],"author":[{"embeddable":true,"href":"https:\/\/www.gau-fuerstenfeldbruck.de\/index.php?rest_route=\/wp\/v2\/users\/3"}],"replies":[{"embeddable":true,"href":"https:\/\/www.gau-fuerstenfeldbruck.de\/index.php?rest_route=%2Fwp%2Fv2%2Fcomments&post=2299"}],"version-history":[{"count":138,"href":"https:\/\/www.gau-fuerstenfeldbruck.de\/index.php?rest_route=\/wp\/v2\/pages\/2299\/revisions"}],"predecessor-version":[{"id":7308,"href":"https:\/\/www.gau-fuerstenfeldbruck.de\/index.php?rest_route=\/wp\/v2\/pages\/2299\/revisions\/7308"}],"up":[{"embeddable":true,"href":"https:\/\/www.gau-fuerstenfeldbruck.de\/index.php?rest_route=\/wp\/v2\/pages\/137"}],"wp:attachment":[{"href":"https:\/\/www.gau-fuerstenfeldbruck.de\/index.php?rest_route=%2Fwp%2Fv2%2Fmedia&parent=2299"}],"curies":[{"name":"wp","href":"https:\/\/api.w.org\/{rel}","templated":true}]}}