{"id":141,"date":"2009-10-10T21:08:43","date_gmt":"2009-10-10T19:08:43","guid":{"rendered":"http:\/\/localhost\/schuetzengau_ffb\/?page_id=141"},"modified":"2019-10-23T14:13:57","modified_gmt":"2019-10-23T13:13:57","slug":"chronik","status":"publish","type":"page","link":"https:\/\/www.gau-fuerstenfeldbruck.de\/?page_id=141","title":{"rendered":"Chronik"},"content":{"rendered":"<p align=\"center\"><span style=\"text-decoration: underline;\"><span style=\"font-size: x-large;\">Die Kurzchronik des Sch\u00fctzengaues F\u00fcrstenfeldbruck<\/span><\/span><\/p>\n<p align=\"center\">\u00a0<\/p>\n<p align=\"center\">\u00a0<\/p>\n<p align=\"justify\">Der Sch\u00fctzengau F\u00fcrstenfeldbruck wurde im Juni 1922 als Gau7 Bezirk F\u00fcrstenfeldbruck in Emmering gegr\u00fcndet. In Anwesenheit vom Vorsitzenden des Bayerischen Sch\u00fctzenverbandes, Herrn Mathias Heinloth und des Referenten f\u00fcr Neugr\u00fcndungen, Sch\u00fctzenkamerad Karl Schallhammer ergab sich nach gr\u00fcndlicher Ausspracheund reiflicher \u00dcberlegung, sowie erfolgter Wahl folgende Gauvorstandschaft:<\/p>\n<p align=\"justify\">\u00a0<\/p>\n<div>\n<table style=\"width: 862px;\" border=\"1\">\n<tbody>\n<tr align=\"center\" valign=\"middle\">\n<td><span style=\"text-decoration: underline;\">1.           Gausch\u00fctzenmeister<\/span><\/td>\n<td>Josef           Albertshofer<\/td>\n<td>F\u00fcrstenfeldbruck<\/td>\n<\/tr>\n<tr>\n<td><span style=\"text-decoration: underline;\">2.           Gausch\u00fctzenmeister<\/span><\/td>\n<td>Franz           Seethaler<\/td>\n<td>Emmering<\/td>\n<\/tr>\n<tr>\n<td><span style=\"text-decoration: underline;\">1.           Schriftf\u00fchrer<\/span><\/td>\n<td>Ebauer<\/td>\n<td>Emmering<\/td>\n<\/tr>\n<tr>\n<td><span style=\"text-decoration: underline;\">2.           Schriftf\u00fchrer<\/span><\/td>\n<td>Simon           Sch\u00e4ufler<\/td>\n<td>Sch\u00f6ngeising<\/td>\n<\/tr>\n<tr>\n<td><span style=\"text-decoration: underline;\">1.           Kassier <\/span><\/td>\n<td>Lorenz Stegmeier<\/td>\n<td>Maisach<\/td>\n<\/tr>\n<tr>\n<td><span style=\"text-decoration: underline;\">2.           Kassier<\/span><\/td>\n<td>Kaiser<\/td>\n<td>Geiselbullach<\/td>\n<\/tr>\n<\/tbody>\n<\/table>\n<\/div>\n<p align=\"center\">\u00a0<\/p>\n<p align=\"justify\">Im gleichen Jahr gab es bereits das 1. Gauschie\u00dfen in F\u00fcrstenfeldbruck, in einer Baracke des ehemaligen Kriegslazaretts, n\u00e4chst dem heutigen Postamt,durchgef\u00fchrt. Weitere Gauschie\u00dfen fanden statt:<\/p>\n<p align=\"justify\">1924 in Maisach, 1926 in \u00dcberacker, 1927 Hofhegnenberg, desweiteren in Emmering, T\u00fcrkenfeld, Eichenau, Althegnenberg, Landberied,\u00a0 \u00dcberacker, Gr\u00f6benzell und Weyharn. Au\u00dferdem in den Jahren 1934 in Maisach (60.Jubil\u00e4um), 1935, im Jahr der Stadterhebung in F\u00fcrstenfeldbruck.<\/p>\n<p align=\"justify\">Im Jahr 1939 kam das Sportschie\u00dfen zum Erliegen, weil viele Sch\u00fctzenbr\u00fcder eingezogen wurden. Von 1945 &#8211; 1951 ruhte die T\u00e4tigkeit des Sch\u00fctzengaues F\u00fcrstenfeldbruck, wie in allen anderen Gauen auch.<\/p>\n<p align=\"justify\">Die Wiedergeburt des heutigen Sch\u00fctzengaues erfolgte an einem Sonntag, den 7. Januar 1951 in F\u00fcrstenfeldbruck. 16 Sch\u00fctzenmeister, sowie der 1. Gausch\u00fctzenmeister von 1932 &#8211; 1945, Josef Ruef aus F\u00fcrstenfeldbruck, dem wiederum das Vertrauen ausgesprochen wurde. Am 17.Juni 1951 erfolgte dann die direkte Neuwahl der Gau-Vorstandschaft durch die 32 anwesenden Sch\u00fctzenmeister.<\/p>\n<p align=\"justify\">1956 legte der 1. Gasch\u00fctzenmeister Josef Ruef sein Amt nieder. Der 2. Gausch\u00fctzenmeister Hans S\u00fc\u00dfmeier \u00fcbernahm kommisarisch bis zu den Neuwahlen 1957 das Amt. Ihm wurde bei den Neuwahlen am 6.Januar 1957 das Vertrauen ausgesprochen. Dieses Amt bekleidete er bis in das Jahr 1985. Im Januar dieses Jahres wurde Hans Arzberger aus Maisach zum 1. Gausch\u00fctzenmeister gew\u00e4hlt, Dieses Amt bekleidete er bis in das Jahr 2003. Im Januar dieses Jahres wurde Michael Kaunzinger aus Gr\u00f6benzell zum 1. Gausch\u00fctzenmeister gew\u00e4hlt,<\/p>\n<p align=\"justify\">der das Amt bis zum heutigen Tage inne hat.<\/p>\n<p align=\"justify\">Am 31.12.2006 hatte der Sch\u00fctzengau     F\u00fcrstenfeldbruck e.V. 64 Vereine mit 6613 Mitgliedern.<\/p>\n<p align=\"justify\">\u00a0<\/p>\n<p style=\"text-align: center;\"><strong><span style=\"text-decoration: underline;\">Erneuerung und Aktualisierung der Chronik des Sch\u00fctzen-Gau F\u00fcrstenfeldbruck<\/span><\/strong><\/p>\n<p style=\"text-align: center;\">Sehr geehrte Mitglieder aus gegebenen Anlass m\u00f6chte der Sch\u00fctzengau F\u00fcrstenfeldbruck seine Chronik aktualisieren.<\/p>\n<div id=\"_mcePaste\" style=\"position: absolute; left: -10000px; top: 134px; width: 1px; height: 1px; overflow: hidden;\">Vergangenheit wieder zum Leben zu erwecken.<\/div>\n<p style=\"text-align: center;\">So wichtig es f\u00fcr Vereine ist, immer in die Zukunft zu blicken und beispielsweise die Jugend zu<br \/>\n f\u00f6rdern, so sch\u00f6n kann es manchmal auch sein, in Erinnerungen zu schwelgen und die<br \/>\n Vergangenheit wieder zum Leben zu erwecken.<\/p>\n<p style=\"text-align: center;\">Deswegen haben wir eine Checkliste zur Erstellung einer Vereinschronik erstellt. Dies soll eine kleine Hilfestellung f\u00fcr Euch und f\u00fcr uns darstellen.<\/p>\n<p style=\"text-align: center;\"><span style=\"color: #222222; font-family: Arial, Helvetica, sans-serif; font-size: small;\"><a href=\"https:\/\/www.gau-fuerstenfeldbruck.de\/wp-content\/uploads\/2009\/10\/Vorgaben-1.pdf\" target=\"_blank\">Die Datei kann hier als PDF geladen werden<\/a>. <\/span><\/p>\n","protected":false},"excerpt":{"rendered":"<p>Die Kurzchronik des Sch\u00fctzengaues F\u00fcrstenfeldbruck \u00a0 \u00a0 Der Sch\u00fctzengau F\u00fcrstenfeldbruck wurde im Juni 1922 als Gau7 Bezirk F\u00fcrstenfeldbruck in Emmering gegr\u00fcndet. In Anwesenheit vom Vorsitzenden des Bayerischen Sch\u00fctzenverbandes, Herrn Mathias Heinloth und des Referenten f\u00fcr Neugr\u00fcndungen, Sch\u00fctzenkamerad Karl Schallhammer ergab sich nach gr\u00fcndlicher Ausspracheund reiflicher \u00dcberlegung, sowie erfolgter Wahl folgende Gauvorstandschaft: \u00a0 1. Gausch\u00fctzenmeister Josef [&hellip;]<\/p>\n","protected":false},"author":1,"featured_media":0,"parent":137,"menu_order":20,"comment_status":"closed","ping_status":"closed","template":"","meta":[],"_links":{"self":[{"href":"https:\/\/www.gau-fuerstenfeldbruck.de\/index.php?rest_route=\/wp\/v2\/pages\/141"}],"collection":[{"href":"https:\/\/www.gau-fuerstenfeldbruck.de\/index.php?rest_route=\/wp\/v2\/pages"}],"about":[{"href":"https:\/\/www.gau-fuerstenfeldbruck.de\/index.php?rest_route=\/wp\/v2\/types\/page"}],"author":[{"embeddable":true,"href":"https:\/\/www.gau-fuerstenfeldbruck.de\/index.php?rest_route=\/wp\/v2\/users\/1"}],"replies":[{"embeddable":true,"href":"https:\/\/www.gau-fuerstenfeldbruck.de\/index.php?rest_route=%2Fwp%2Fv2%2Fcomments&post=141"}],"version-history":[{"count":8,"href":"https:\/\/www.gau-fuerstenfeldbruck.de\/index.php?rest_route=\/wp\/v2\/pages\/141\/revisions"}],"predecessor-version":[{"id":1280,"href":"https:\/\/www.gau-fuerstenfeldbruck.de\/index.php?rest_route=\/wp\/v2\/pages\/141\/revisions\/1280"}],"up":[{"embeddable":true,"href":"https:\/\/www.gau-fuerstenfeldbruck.de\/index.php?rest_route=\/wp\/v2\/pages\/137"}],"wp:attachment":[{"href":"https:\/\/www.gau-fuerstenfeldbruck.de\/index.php?rest_route=%2Fwp%2Fv2%2Fmedia&parent=141"}],"curies":[{"name":"wp","href":"https:\/\/api.w.org\/{rel}","templated":true}]}}