{"id":112,"date":"2009-10-09T15:34:43","date_gmt":"2009-10-09T13:34:43","guid":{"rendered":"http:\/\/www.bizcom24.de\/2\/hundetrainer-planer.de\/wp\/?page_id=112"},"modified":"2026-03-23T10:41:49","modified_gmt":"2026-03-23T09:41:49","slug":"jugend","status":"publish","type":"page","link":"https:\/\/www.gau-fuerstenfeldbruck.de\/?page_id=112","title":{"rendered":"Jugend"},"content":{"rendered":"<p style=\"text-align: center;\"><span style=\"text-decoration: underline; font-size: 36pt;\"><span style=\"color: #ff0000;\"><strong>2026<\/strong><\/span><\/span><\/p>\n<p>&nbsp;<\/p>\n<hr \/>\n<p style=\"text-align: center;\"><span style=\"font-size: 12pt; font-family: georgia, palatino, serif; color: #000000;\"><strong>Der Gaujugend-Wanderpokal ist abgeschlossen.<\/strong><\/span><\/p>\n<p style=\"text-align: center;\"><span style=\"font-size: 12pt; font-family: georgia, palatino, serif; color: #000000;\"><strong>Die Ergebnisse findet ihr\u00a0 hier: <\/strong><\/span><\/p>\n<p style=\"text-align: center;\"><span style=\"font-size: 12pt; font-family: georgia, palatino, serif; color: #000000;\"><strong><a href=\"https:\/\/www.gau-fuerstenfeldbruck.de\/wp-content\/uploads\/2026\/03\/Einzelergebnisse-Jugendpokal.pdf\">Einzelergebnisse<\/a><\/strong><\/span><\/p>\n<p style=\"text-align: center;\"><span style=\"font-size: 14pt;\"><strong><a href=\"https:\/\/www.gau-fuerstenfeldbruck.de\/wp-content\/uploads\/2026\/03\/Mannschaft-Jugendpokal.pdf\">Mannschaft Jugendpokal<\/a><\/strong><\/span><\/p>\n<p style=\"text-align: center;\"><span style=\"font-size: 12pt; font-family: georgia, palatino, serif; color: #000000;\"><strong>Die Siegerehrung findet am Sonntag, 22.03.2026 in Emmering um 17 Uhr statt.<\/strong><\/span><\/p>\n<p style=\"text-align: center;\"><span style=\"font-size: 12pt; font-family: georgia, palatino, serif;\"><strong><span style=\"color: #000000;\">Hinweis<\/span>:<br \/>\n1\/3 der Teilnehmenden erhalten einen Geldpreis.<br \/>\nDieser muss bei der Siegerehrung von den Gewinnern bzw. eines Beauftragten abgeholt werden,<br \/>\nansonsten bekommt der N\u00e4chstplatzierte den Preis<\/strong><\/span><\/p>\n<hr \/>\n<p style=\"text-align: center;\"><span style=\"font-size: 18pt;\"><strong><a href=\"https:\/\/www.gau-fuerstenfeldbruck.de\/wp-content\/uploads\/2026\/03\/Einladung-Jugendleiterversammlung-22.04.2026.pdf\">Einladung <\/a>zur Jugendleiter-Versammlung<\/strong><\/span><\/p>\n<p style=\"text-align: center;\"><span style=\"font-size: 14pt;\"><strong>Termin: 22.04.2026 im Sch\u00fctzenheim in Puchheim-Bahnhof<\/strong><\/span><\/p>\n<p style=\"text-align: center;\"><span style=\"font-size: 14pt;\"><strong>Beginn 19.30 Uhr<\/strong><\/span><\/p>\n<hr \/>\n<p style=\"text-align: center;\"><span style=\"font-size: 14pt;\"><strong>\u00a08. Gaujugend-Wanderpokal<br \/>\nmit Preisschie\u00dfen <\/strong><\/span><\/p>\n<p style=\"text-align: center;\"><span style=\"font-size: 14pt;\"><strong>vom 14. &#8211; 15.03.2026 <\/strong><\/span><strong style=\"font-size: 14pt;\">in Emmering<\/strong><\/p>\n<p style=\"text-align: center;\"><a href=\"https:\/\/www.gau-fuerstenfeldbruck.de\/wp-content\/uploads\/2026\/01\/2026_Einladung_Jugendwanderpokal-1.pdf\"><span style=\"font-size: 18pt;\">Einladung<\/span> <span style=\"font-size: 18pt;\">Gaujugend-Wanderpokal<\/span><\/a><\/p>\n<p style=\"text-align: center;\"><span style=\"font-size: 12pt; font-family: georgia, palatino, serif;\"><strong>Die Siegerehrung findet am 22.03.2025 in Emmering um 17 Uhr statt.<\/strong><\/span><\/p>\n<p style=\"text-align: center;\"><span style=\"font-size: 12pt; font-family: georgia, palatino, serif;\"><strong>Hinweis: 1\/3 der Teilnehmenden bekommen einen Preis.<\/strong><\/span><\/p>\n<hr \/>\n<p style=\"text-align: center;\"><span style=\"text-decoration: underline;\"><span style=\"color: #ff0000; font-size: 24pt;\"><strong>2025<\/strong><\/span><\/span><\/p>\n<p style=\"text-align: center;\">Es findet auch heuer wieder ein <span style=\"color: #ff0000;\">Finale der Jugend-Rundenwettk\u00e4mpfe<\/span> statt.<\/p>\n<p style=\"text-align: center;\">Die <a href=\"https:\/\/www.gau-fuerstenfeldbruck.de\/wp-content\/uploads\/2025\/06\/Einladung-RWK-Finale-2025.pdf\">Einladung <\/a>ist bereits an alle Vereine, die sich hierzu qualifiziert haben, per Mail verschickt worden.<\/p>\n<p style=\"text-align: center;\">Es wurden folgende Vereine\/Mannschaften eingeladen:<\/p>\n<p style=\"text-align: center;\">SV Emmering 1<br \/>\nGem\u00fctlichkeit Olching 1<br \/>\nHubertus Oberschweinbach 1<br \/>\nAlmrausch Gr\u00f6benzell 1<br \/>\nFrisch-Auf Gra\u00dflfing 1<br \/>\nEichengr\u00fcn Aich 1<\/p>\n<p style=\"text-align: center;\"><span style=\"color: #ff0000;\"><strong>Bitte Meldung bei Gerhard Schwarz bis zum 06.07.2025, ob eine Teilnahme erfolgen kann.<\/strong><\/span><\/p>\n<p>&nbsp;<\/p>\n<hr \/>\n<p style=\"text-align: center;\"><span style=\"font-size: 12pt; font-family: georgia, palatino, serif; color: #000000;\"><strong>Der Gaujugend-Wanderpokal ist abgeschlossen. <\/strong><\/span><\/p>\n<p style=\"text-align: center;\"><span style=\"font-size: 12pt; font-family: georgia, palatino, serif; color: #000000;\"><strong>Die Einzelergebnisse findet ihr <a style=\"color: #000000;\" href=\"https:\/\/www.gau-fuerstenfeldbruck.de\/wp-content\/uploads\/2025\/03\/Wanderpokal_Einzel.pdf\">hier<\/a>.<\/strong><\/span><\/p>\n<p style=\"text-align: center;\"><span style=\"color: #ff0000; font-size: 14pt;\"><strong>Die Mannschaftsergebnisse sind <a style=\"color: #ff0000;\" href=\"https:\/\/www.gau-fuerstenfeldbruck.de\/wp-content\/uploads\/2025\/05\/Wanderpokal_Mannschaft-1.pdf\">hier<\/a><\/strong><\/span><\/p>\n<p style=\"text-align: center;\"><span style=\"font-size: 12pt; font-family: georgia, palatino, serif; color: #000000;\"><strong>Die Siegerehrung findet am Sonntag, 06.04.2025 in Emmering um 17 Uhr statt.<\/strong><\/span><\/p>\n<p style=\"text-align: center;\"><span style=\"font-size: 12pt; font-family: georgia, palatino, serif;\"><strong><span style=\"color: #000000;\">Hinweis<\/span>:<br \/>\n1\/3 der Teilnehmenden erhalten einen Geldpreis.<br \/>\nDieser muss bei der Siegerehrung von den Gewinnern bzw. eines Beauftragten abgeholt werden,<br \/>\nansonsten bekommt der N\u00e4chstplatzierte den Preis<\/strong><\/span><\/p>\n<hr \/>\n<p style=\"text-align: center;\"><span style=\"font-size: 18pt;\"><strong><a href=\"https:\/\/www.gau-fuerstenfeldbruck.de\/wp-content\/uploads\/2025\/02\/Einladung-Jugendleiterversammlung-17.03.2025-3.pdf\">Einladung<\/a> zur Jugendleiter-Versammlung<\/strong><\/span><\/p>\n<p style=\"text-align: center;\"><span style=\"font-size: 14pt;\"><strong>Termin: 17.03.2025 in Gernlinden, Beginn 19.30 Uhr<\/strong><\/span><\/p>\n<hr \/>\n<p style=\"text-align: center;\"><strong><span style=\"font-size: 14pt;\"><span style=\"color: #ff0000;\">Einladung zum 7. Gaujugend-Wanderpokal mit\u00a0<\/span><\/span><\/strong><br \/>\n<strong><span style=\"font-size: 14pt; color: #ff0000;\">Gaujugend-Preisschie\u00dfen<\/span><\/strong><br \/>\n<strong><span style=\"font-size: 14pt; color: #ff0000;\">vom 22. &#8211; 23.03.2025 in Emmering<\/span><\/strong><\/p>\n<p style=\"text-align: center;\"><span style=\"font-size: 14pt;\"><strong><a href=\"https:\/\/www.gau-fuerstenfeldbruck.de\/wp-content\/uploads\/2025\/01\/2025_Einladung_Jugendwanderpokal-1.pdf\">Einladung Gaujugend-Wanderpokal<\/a><\/strong><\/span><\/p>\n<p style=\"text-align: center;\"><span style=\"font-size: 14pt;\"><strong><a href=\"https:\/\/www.gau-fuerstenfeldbruck.de\/wp-content\/uploads\/2025\/01\/2025_Gaujugendwanderpokal_Mannschaftsmeldung-1.docx\">Mannschaftsmeldung Gaujugend-Wanderpokal<\/a><\/strong><\/span><\/p>\n<p style=\"text-align: center;\"><span style=\"font-size: 14pt;\"><strong>Siegerehrung ist am 06.04.2025 in Emmering<\/strong><\/span><\/p>\n<hr \/>\n<p style=\"text-align: center;\"><span style=\"color: #ff0000; font-size: 14pt;\"><strong>Ausschreibung der Bezirksjugendscheibe 2025<\/strong><\/span><\/p>\n<p style=\"text-align: center;\"><span style=\"font-size: 14pt;\"><a href=\"https:\/\/www.gau-fuerstenfeldbruck.de\/wp-content\/uploads\/2025\/05\/Bezirksjugendscheibe-2025.pdf\">Bezirksjugendscheibe 2025<\/a><\/span><\/p>\n<p style=\"text-align: center;\"><span style=\"font-size: 14pt;\"><a href=\"https:\/\/www.gau-fuerstenfeldbruck.de\/wp-content\/uploads\/2025\/06\/Ergebnismeldung-Bezirksjugendscheibe-2.pdf\">Ergebnis Bezirksjugendscheibe<\/a><\/span><\/p>\n<p>&nbsp;<\/p>\n<hr \/>\n<p><span style=\"font-size: 14pt;\"><strong>Informationen \u00fcber weitere Turniere und Wettk\u00e4mpfe sind ab sofort im neuen Bereich &#8222;Turniere und Wettk\u00e4mpfe&#8220; eingestellt.<\/strong><\/span><\/p>\n<p><span style=\"font-size: 14pt;\"><a href=\"https:\/\/www.gau-fuerstenfeldbruck.de\/?page_id=118\">Turniere und Wettk\u00e4mpfe<\/a><\/span><\/p>\n<p><span style=\"font-size: 14pt;\">Gauinterne Jugend-Wettk\u00e4mpfe werden weiterhin auf dieser Seite ver\u00f6ffentlicht.<\/span><\/p>\n<hr \/>\n<p style=\"text-align: center;\"><span style=\"text-decoration: underline;\"><strong><span style=\"color: #ff0000; font-size: 24pt; text-decoration: underline;\">2024<\/span><\/strong><\/span><\/p>\n<p style=\"text-align: center;\"><span style=\"font-size: 14pt;\"><strong>Informationen zum Tag der offenen T\u00fcr in Hochbr\u00fcck am 02.11.2024<\/strong><\/span><\/p>\n<p style=\"text-align: center;\"><strong><a href=\"https:\/\/www.gau-fuerstenfeldbruck.de\/wp-content\/uploads\/2024\/09\/Ausschreibung-Tag-der-offenen-Tuer.pdf\">Ausschreibung Tag der offenen T\u00fcr<\/a><\/strong><\/p>\n<p style=\"text-align: center;\"><strong><a href=\"https:\/\/www.gau-fuerstenfeldbruck.de\/wp-content\/uploads\/2024\/09\/Flyer-Tag-der-offenen-Tuer.pdf\">Flyer Tag der offenen T\u00fcr<\/a><\/strong><\/p>\n<p style=\"text-align: center;\"><strong><a title=\"Link zur Anmeldung\" href=\"https:\/\/www.bssj.de\/veranstaltungen\/tag-der-offenen-tuer#c2060\">Link zum Anmeldebogen<\/a><\/strong><\/p>\n<hr \/>\n<p>&nbsp;<\/p>\n<p style=\"text-align: center;\"><a href=\"https:\/\/www.gau-fuerstenfeldbruck.de\/wp-content\/uploads\/2024\/09\/Ergebnismeldung-Bezirksjugendscheibe.pdf\">Ergebnismeldung Bezirksjugendscheibe 2. Runde am 21.07.2024<\/a><\/p>\n<hr \/>\n<p style=\"text-align: center;\"><span style=\"color: #ff0000;\"><strong>Ausschreibung der Bezirksjugendscheibe 2024<\/strong><\/span><\/p>\n<p style=\"text-align: center;\"><a href=\"https:\/\/www.gau-fuerstenfeldbruck.de\/wp-content\/uploads\/2024\/05\/Bezirksjugendscheibe-2024-1.pdf\"><strong>Bezirksjugendscheibe 2024 (1)<\/strong><\/a><\/p>\n<hr \/>\n<p style=\"text-align: center;\"><a href=\"https:\/\/www.gau-fuerstenfeldbruck.de\/wp-content\/uploads\/2024\/03\/Einladung-Jugendleiterversammlung-27.03.2024-2-1.pdf\">Einladung zur Jugendleiterversammlung<\/a><\/p>\n<p style=\"text-align: center;\">Termin: 27.03.2024 in Gernlinden<\/p>\n<hr \/>\n<p style=\"text-align: center;\"><span style=\"font-size: 14pt;\"><strong>\u00a06. Gaujugend-Wanderpokal<br \/>\nmit Preisschie\u00dfen vom 13.-14.04.2024 <\/strong><\/span><strong style=\"font-size: 14pt;\">in Emmering<\/strong><\/p>\n<p style=\"text-align: center;\"><a href=\"https:\/\/www.gau-fuerstenfeldbruck.de\/wp-content\/uploads\/2024\/03\/Einladung_Jugendwanderpokal-6.pdf\">Einladung<\/a><\/p>\n<p style=\"text-align: center;\"><a href=\"https:\/\/www.gau-fuerstenfeldbruck.de\/wp-content\/uploads\/2024\/03\/2024-Gaujugendwanderpokal_Mannschaftsmeldung.pdf\">Formular_Mannschaftsmeldung<\/a><\/p>\n<p style=\"text-align: center;\"><span style=\"font-size: 12pt; font-family: georgia, palatino, serif; color: #993300;\"><strong>Der Gaujugend-Wanderpokal ist abgeschlossen. <\/strong><\/span><\/p>\n<p style=\"text-align: center;\"><span style=\"font-size: 12pt; font-family: georgia, palatino, serif; color: #993300;\"><strong>Die <span style=\"text-decoration: underline;\">Einzelergebnisse<\/span> findet ihr <a style=\"color: #993300;\" href=\"https:\/\/www.gau-fuerstenfeldbruck.de\/wp-content\/uploads\/2024\/04\/Einzelwertung_mit-Verein.pdf\">hier<\/a>.<\/strong><\/span><\/p>\n<p style=\"text-align: center;\"><span style=\"color: #993300;\"><strong><span style=\"color: #ff0000;\">Neu !\u00a0<\/span> \u00a0Die <span style=\"text-decoration: underline;\">Mannschaftsergebnisse<\/span> sind <a style=\"color: #993300;\" href=\"https:\/\/www.gau-fuerstenfeldbruck.de\/wp-content\/uploads\/2024\/05\/Mannschaftswertung-2.pdf\">hier<\/a>.<\/strong><\/span><\/p>\n<p style=\"text-align: center;\"><span style=\"font-size: 12pt; font-family: georgia, palatino, serif;\"><strong>Die Siegerehrung findet am 20.04.2024 in Emmering um 17 Uhr statt.<\/strong><\/span><\/p>\n<p style=\"text-align: center;\"><span style=\"font-size: 12pt; font-family: georgia, palatino, serif;\"><strong>Hinweis: die H\u00e4lfte der Teilnehmer bekommt einen Preis.<\/strong><\/span><\/p>\n<hr \/>\n<p style=\"text-align: center;\"><span style=\"text-decoration: underline;\"><span style=\"font-size: 24pt;\"><strong><span style=\"color: #ff0000; text-decoration: underline;\">202<\/span><\/strong><\/span><\/span><span style=\"font-size: 24pt;\"><strong><span style=\"color: #ff0000;\">3<\/span><\/strong><\/span><\/p>\n<p style=\"text-align: center;\"><a href=\"https:\/\/www.gau-fuerstenfeldbruck.de\/wp-content\/uploads\/2023\/07\/Fuerstenfeldbruck-Rosenheim.pdf\">Ergebnis der 2. Runde der Bezirksjugendscheibe am 08.07.2023<\/a><\/p>\n<p style=\"text-align: center;\"><a href=\"https:\/\/www.gau-fuerstenfeldbruck.de\/wp-content\/uploads\/2023\/05\/Ergebnismeldung-Bezirksjugendscheibe-1.pdf\">Ergebnis der 1. Runde der Bezirksjugendscheibe am 19.05.2023<\/a><\/p>\n<p>&nbsp;<\/p>\n<p style=\"text-align: center;\"><span style=\"font-size: 14pt;\"><strong>Ergebnisse Gaujugend-Wanderpokal<\/strong><\/span><\/p>\n<p style=\"text-align: center;\"><a href=\"https:\/\/www.gau-fuerstenfeldbruck.de\/wp-content\/uploads\/2023\/05\/Einzel_2023-1.pdf\">Einzelergebnisse<\/a><\/p>\n<p style=\"text-align: center;\"><a href=\"https:\/\/www.gau-fuerstenfeldbruck.de\/wp-content\/uploads\/2023\/05\/Manschaften_2023-1.pdf\">Mannschaftsergebnisse<\/a><\/p>\n<p>&nbsp;<\/p>\n<p style=\"text-align: center;\"><span style=\"font-size: 14pt;\"><strong><a href=\"https:\/\/www.gau-fuerstenfeldbruck.de\/wp-content\/uploads\/2023\/03\/Einladung_Jugendwanderpokal-3-1.pdf\">Einladung zum<br \/>\n5.Gaujugend-Wanderpokal<br \/>\nmit<br \/>\nGaujugend-Preisschie\u00dfen<br \/>\nvom 29. Bis 30. April 2023)<\/a><\/strong><\/span><\/p>\n<p>&nbsp;<\/p>\n<p style=\"text-align: center;\"><span style=\"font-size: 14pt;\"><strong><a href=\"https:\/\/www.gau-fuerstenfeldbruck.de\/wp-content\/uploads\/2023\/03\/Ausschreibung-Bezirksjugendscheibe-2023.pdf\">Ausschreibung f\u00fcr die Bezirksjugendscheibe 2023<\/a><\/strong><\/span><\/p>\n<p>&nbsp;<\/p>\n<p style=\"text-align: center;\"><strong><a href=\"https:\/\/www.gau-fuerstenfeldbruck.de\/wp-content\/uploads\/2023\/02\/Einladung-Jugendleiterversammlung-15.03-1.pdf\"><span style=\"font-size: 14pt;\">Einladung<\/span> <span style=\"font-size: 14pt;\">zur Jugendleiterversammlung<\/span><\/a><\/strong><\/p>\n<p>&nbsp;<\/p>\n<p style=\"text-align: center;\"><span style=\"font-size: large;\"><a href=\"https:\/\/www.gau-fuerstenfeldbruck.de\/wp-content\/uploads\/2009\/10\/Jugendausflug-20171.pdf\">Jugendausflug 2017<\/a><\/span><\/p>\n<p style=\"text-align: center;\"><span style=\"font-size: large;\">\u00a0<\/span><\/p>\n<p style=\"text-align: center;\"><span style=\"font-size: large;\"><a href=\"..\/?page_id=113\">Jugend Rundenwettk\u00e4mpfe<\/a><\/span><\/p>\n<p style=\"text-align: center;\"><span style=\"font-size: large;\">\u00a0<\/span><\/p>\n<p style=\"text-align: center;\"><span style=\"font-size: large;\"><a href=\"..\/?page_id=118\">RWK-Endkampf<\/a><\/span><\/p>\n<p style=\"text-align: center;\"><span style=\"font-size: large;\">\u00a0<\/span><\/p>\n<p style=\"text-align: center;\"><span style=\"font-size: large;\"><a href=\"..\/?page_id=116\">Rangliste<\/a><\/span><\/p>\n<p style=\"text-align: center;\"><span style=\"font-size: large;\">\u00a0<\/span><\/p>\n<p style=\"text-align: center;\"><span style=\"font-size: large;\"><a href=\"..\/?page_id=117\">Sommer-Biathlon<\/a><\/span><\/p>\n<p style=\"text-align: center;\"><span style=\"font-size: large;\">\u00a0<\/span><\/p>\n<p style=\"text-align: center;\"><span style=\"font-size: large;\"><a href=\"https:\/\/www.gau-fuerstenfeldbruck.de\/?page_id=159\">Gau Jugendwanderpokal<\/a><\/span><\/p>\n<p style=\"text-align: center;\"><span style=\"font-size: large;\">\u00a0<\/span><\/p>\n<p style=\"text-align: center;\"><span style=\"font-size: large;\"><a href=\"..\/?page_id=1411\">Jugend RWK Ordnung<\/a><\/span><\/p>\n<p style=\"text-align: center;\"><span style=\"font-size: large;\">\u00a0<\/span><\/p>\n<p style=\"text-align: center;\"><span style=\"font-size: large;\"><a href=\"..\/?page_id=1367\">Jugend RWK Anmelde- und Meldeformular<\/a><\/span><\/p>\n<p style=\"text-align: center;\">\n","protected":false},"excerpt":{"rendered":"<p>2026 &nbsp; Der Gaujugend-Wanderpokal ist abgeschlossen. Die Ergebnisse findet ihr\u00a0 hier: Einzelergebnisse Mannschaft Jugendpokal Die Siegerehrung findet am Sonntag, 22.03.2026 in Emmering um 17 Uhr statt. Hinweis: 1\/3 der Teilnehmenden erhalten einen Geldpreis. Dieser muss bei der Siegerehrung von den Gewinnern bzw. eines Beauftragten abgeholt werden, ansonsten bekommt der N\u00e4chstplatzierte den Preis Einladung zur Jugendleiter-Versammlung [&hellip;]<\/p>\n","protected":false},"author":1,"featured_media":0,"parent":0,"menu_order":40,"comment_status":"closed","ping_status":"closed","template":"","meta":[],"_links":{"self":[{"href":"https:\/\/www.gau-fuerstenfeldbruck.de\/index.php?rest_route=\/wp\/v2\/pages\/112"}],"collection":[{"href":"https:\/\/www.gau-fuerstenfeldbruck.de\/index.php?rest_route=\/wp\/v2\/pages"}],"about":[{"href":"https:\/\/www.gau-fuerstenfeldbruck.de\/index.php?rest_route=\/wp\/v2\/types\/page"}],"author":[{"embeddable":true,"href":"https:\/\/www.gau-fuerstenfeldbruck.de\/index.php?rest_route=\/wp\/v2\/users\/1"}],"replies":[{"embeddable":true,"href":"https:\/\/www.gau-fuerstenfeldbruck.de\/index.php?rest_route=%2Fwp%2Fv2%2Fcomments&post=112"}],"version-history":[{"count":73,"href":"https:\/\/www.gau-fuerstenfeldbruck.de\/index.php?rest_route=\/wp\/v2\/pages\/112\/revisions"}],"predecessor-version":[{"id":8346,"href":"https:\/\/www.gau-fuerstenfeldbruck.de\/index.php?rest_route=\/wp\/v2\/pages\/112\/revisions\/8346"}],"wp:attachment":[{"href":"https:\/\/www.gau-fuerstenfeldbruck.de\/index.php?rest_route=%2Fwp%2Fv2%2Fmedia&parent=112"}],"curies":[{"name":"wp","href":"https:\/\/api.w.org\/{rel}","templated":true}]}}